s digit of 148456736?
7
What is the millions digit of 372661479?
2
What is the hundred millions digit of 1699904224?
6
What is the hundred thousands digit of 811764?
8
What is the billions digit of 6664525942?
6
What is the ten thousands digit of 372431137?
3
What is the hundred thousands digit of 1857093?
8
What is the thousands digit of 17134670?
4
What is the hundreds digit of 65658957?
9
What is the hundred millions digit of 699308717?
6
What is the tens digit of 108310609?
0
What is the hundred millions digit of 179071521?
1
What is the units digit of 580969792?
2
What is the thousands digit of 345869168?
9
What is the hundreds digit of 2728677919?
9
What is the ten thousands digit of 424954035?
5
What is the tens digit of 721046090?
9
What is the hundreds digit of 4251128123?
1
What is the ten millions digit of 484118069?
8
What is the ten thousands digit of 2608759769?
5
What is the ten millions digit of 217202012?
1
What is the hundred millions digit of 5668305928?
6
What is the units digit of 214940166?
6
What is the tens digit of 154200241?
4
What is the millions digit of 42730652?
2
What is the hundreds digit of 271128502?
5
What is the thousands digit of 17425127?
5
What is the millions digit of 257538751?
7
What is the hundreds digit of 1001604837?
8
What is the thousands digit of 110488830?
8
What is the units digit of 55190172?
2
What is the tens digit of 553582943?
4
What is the ten thousands digit of 5690738177?
3
What is the ten thousands digit of 35724267?
2
What is the hundred thousands digit of 781505103?
5
What is the hundreds digit of 30939244?
2
What is the hundred millions digit of 193882230?
1
What is the ten millions digit of 368254321?
6
What is the hundred thousands digit of 51073045?
0
What is the millions digit of 77938409?
7
What is the millions digit of 1030305902?
0
What is the units digit of 27434847?
7
What is the units digit of 149086345?
5
What is the billions digit of 1495478299?
1
What is the hundreds digit of 3600882862?
8
What is the units digit of 441927135?
5
What is the units digit of 697979367?
7
What is the units digit of 2487091426?
6
What is the ten millions digit of 91834621?
9
What is the units digit of 5156743021?
1
What is the hundred thousands digit of 13457033?
4
What is the ten thousands digit of 1718347016?
4
What is the thousands digit of 41554607?
4
What is the units digit of 909468270?
0
What is the hundred millions digit of 785383064?
7
What is the hundreds digit of 178473038?
0
What is the hundreds digit of 26040462?
4
What is the hundred millions digit of 3370168225?
3
What is the tens digit of 410498181?
8
What is the ten thousands digit of 34134635?
3
What is the ten thousands digit of 25850121?
5
What is the units digit of 397818230?
0
What is the hundred millions digit of 439049639?
4
What is the thousands digit of 16242084?
2
What is the hundreds digit of 83395366?
3
What is the hundreds digit of 714055518?
5
What is the tens digit of 81869988?
8
What is the ten thousands digit of 1571171335?
7
What is the millions digit of 290043846?
0
What is the ten millions digit of 1725360516?
2
What is the hundreds digit of 16779806?
8
What is the hundred millions digit of 209296656?
2
What is the tens digit of 22832648?
4
What is the tens digit of 2278071776?
7
What is the ten millions digit of 18261055?
1
What is the units digit of 91481665?
5
What is the hundred thousands digit of 3434516147?
5
What is the millions digit of 204181163?
4
What is the hundred thousands digit of 95432275?
4
What is the units digit of 239579905?
5
What is the billions digit of 2833677813?
2
What is the millions digit of 295375697?
5
What is the hundreds digit of 245080153?
1
What is the hundred thousands digit of 189023104?
0
What is the millions digit of 547887454?
7
What is the billions digit of 1982420556?
1
What is the ten millions digit of 512350097?
1
What is the hundreds digit of 158801428?
4
What is the thousands digit of 2298299738?
9
What is the hundred thousands digit of 9762347?
7
What is the ten thousands digit of 2047057819?
5
What is the ten millions digit of 533894011?
3
What is the millions digit of 236128566?
6
What is the millions digit of 178002263?
8
What is the millions digit of 39156765?
9
What is the thousands digit of 89544302?
4
What is the hundred thousands digit of 58152280?
1
What is the ten millions digit of 236640911?
3
What is the ten thousands digit of 124894511?
9
What is the thousands digit of 3895574442?
4
What is the tens digit of 82568404?
0
What is the ten millions digit of 48601392?
4
What is the units digit of 308716870?
0
What is the hundred thousands digit of 1324311882?
3
What is the ten millions digit of 1202417362?
0
What is the ten thousands digit of 31405740?
0
What is the ten millions digit of 57077976?
5
What is the millions digit of 32429203?
2
What is the millions digit of 28839447?
8
What is the units digit of 1402075581?
1
What is the hundreds digit of 1333920377?
3
What is the hundred thousands digit of 78720635?
7
What is the ten millions digit of 7855098669?
5
What is the units digit of 2865116594?
4
What is the tens digit of 3126858616?
1
What is the hundred thousands digit of 1093567729?
5
What is the millions digit of 106737026?
6
What is the thousands digit of 18680071?
0
What is the ten millions digit of 48544094?
4
What is the ten millions digit of 1019653402?
1
What is the ten thousands digit of 1930006275?
0
What is the tens digit of 4548110?
1
What is the billions digit of 5477763670?
5
What is the millions digit of 217628095?
7
What is the millions digit of 1605040950?
5
What is the units digit of 195752719?
9
What is the thousands digit of 686659025?
9
What is the hundred millions digit of 4237985447?
2
What is the tens digit of 5462026?
2
What is the tens digit of 1235752694?
9
What is the ten thousands digit of 435983736?
8
What is the billions digit of 1943370885?
1
What is the ten thousands digit of 87839178?
3
What is the hundred thousands digit of 137564070?
5
What is the billions digit of 7766190274?
7
What is the hundred millions digit of 4746624474?
7
What is the ten thousands digit of 6622315?
2
What is the ten thousands digit of 364136627?
3
What is the ten thousands digit of 2080542781?
4
What is the tens digit of 86834439?
3
What is the tens digit of 18958561?
6
What is the hundred millions digit of 509282390?
5
What is the tens digit of 163291903?
0
What is the ten millions digit of 816530023?
1
What is the hundred thousands digit of 988774580?
7
What is the thousands digit of 201788965?
8
What is the units digit of 246233033?
3
What is the units digit of 1595179497?
7
What is the ten millions digit of 206952836?
0
What is the thousands digit of 19894728?
4
What is the tens digit of 33844158?
5
What is the thousands digit of 4219433884?
3
What is the millions digit of 106917748?
6
What is the tens digit of 30117785?
8
What is the units digit of 67921762?
2
What is the units digit of 48169689?
9
What is the ten thousands digit of 428378048?
7
What is the thousands digit of 251737135?
7
What is the hundred thousands digit of 57062079?
0
What is the ten millions digit of 4109272253?
0
What is the billions digit of 1954033393?
1
What is the tens digit of 524863072?
7
What is the tens digit of 817737489?
8
What is the hundred millions digit of 386389983?
3
What is the units digit of 1417081274?
4
What is the millions digit of 2008420118?
8
What is the hundred thousands digit of 7446869930?
8
What is the ten thousands digit of 47459596?
5
What is the units digit of 18159014?
4
What is the units digit of 47674938?
8
What is the hundreds digit of 481524670?
6
What is the ten millions digit of 1429013085?
2
What is the millions digit of 264552817?
4
What is the hundreds digit of 59072644?
6
What is the ten thousands digit of 1376077418?
7
What is the ten thousands digit of 3428187791?
8
What is the ten thousands digit of 322005838?
0
What is the millions digit of 233749671?
3
What is the millions digit of 2499055298?
9
What is the hundreds digit of 38771501?
5
What is the thousands digit of 26871777?
1
What is the hundreds digit of 70138761?
7
What is the millions digit of 307884918?
7
What is the millions digit of 207113604?
7
W